e 3, what is -102 - 1010102011012?
-1010102011121
In base 15, what is 1a + -3c61be?
-3c61a4
In base 13, what is 2cc27b + 64?
2cc312
In base 13, what is -444 - -158?
-2b9
In base 10, what is -28219 + -302?
-28521
In base 16, what is -115514e - -3?
-115514b
In base 7, what is 451 - 25643?
-25162
In base 14, what is 6 - 59b704?
-59b6dc
In base 2, what is 101011010001011101100 - 100?
101011010001011101000
In base 9, what is 40182 - 1720?
37362
In base 3, what is 101 + 1111122022020?
1111122022121
In base 3, what is 1200111 - -2012021121?
2020222002
In base 9, what is -3 + 33443406?
33443403
In base 9, what is -6131203 + -23?
-6131226
In base 12, what is -15008b2 + -b?
-1500901
In base 9, what is 182526 - -478?
183115
In base 16, what is a - 407dee?
-407de4
In base 14, what is -77ad95 + -21?
-77adb6
In base 4, what is 22 - 12320222301?
-12320222213
In base 9, what is 562407426 + -3?
562407423
In base 16, what is -318 - -f5d?
c45
In base 12, what is 3996549 + -69?
39964a0
In base 12, what is -1 - 1138b06?
-1138b07
In base 16, what is -1e20d2 - c?
-1e20de
In base 8, what is -3635 - -631262?
625425
In base 11, what is -46 - -3660?
3615
In base 12, what is 1123a + -28a1?
a559
In base 10, what is 785065 - -6?
785071
In base 8, what is -574 + -42322?
-43116
In base 2, what is 11101101000100100010 - -110101?
11101101000101010111
In base 4, what is 3230 - -101112213?
101122103
In base 8, what is 1 - 13065202?
-13065201
In base 4, what is -2 + 102102301320?
102102301312
In base 5, what is -11234300013030 + 4?
-11234300013021
In base 7, what is 14 + -252042052?
-252042035
In base 12, what is 705 - 21a8?
-16a3
In base 3, what is 10212202211002 + -1010?
10212202202222
In base 15, what is -4cb9 + bc74?
6eaa
In base 16, what is -b0d46 - -8?
-b0d3e
In base 12, what is 372 - 19100?
-1894a
In base 10, what is 13135 - -6579?
19714
In base 13, what is -6 - -17347b74?
17347b6b
In base 8, what is 25 - 16404464?
-16404437
In base 15, what is 15c - -1c86?
1de3
In base 6, what is 54 - 102441454?
-102441400
In base 6, what is -11515134 + 202?
-11514532
In base 7, what is 10603 + -332432?
-321526
In base 4, what is 2110 - -21100312?
21103022
In base 11, what is 1670 - a7780?
-a6110
In base 10, what is -19710925 - -2?
-19710923
In base 2, what is 11 + 1110111111100010010011?
1110111111100010010110
In base 7, what is 463456 + -31?
463425
In base 15, what is -76 + 75bdc?
75b66
In base 5, what is -4421 - 2012141?
-2022112
In base 3, what is 20 - 1022221022221?
-1022221022201
In base 3, what is 1001212 - 110112?
121100
In base 4, what is -32322300233 - 22?
-32322300321
In base 14, what is -3c + 1604d?
16011
In base 8, what is 64740 + -3620?
61120
In base 3, what is -110222 - 11022200021?
-11100011020
In base 7, what is -544131434 - -5?
-544131426
In base 14, what is 25d8 - -8c68?
b462
In base 3, what is -101101110222 - -1221222?
-101022112000
In base 4, what is 3033202 - 10010?
3023132
In base 15, what is 1ce + 3eee?
41cd
In base 5, what is 120022 - -4310?
124332
In base 2, what is 101110110011110010100110 + -101?
101110110011110010100001
In base 7, what is -11 + 42531465?
42531454
In base 9, what is 3 - -21212441?
21212444
In base 8, what is -405 - -50045?
47440
In base 2, what is -111100111011001011010 - 110?
-111100111011001100000
In base 4, what is -20333000203 - 3?
-20333000212
In base 3, what is -12100 + 201211012111?
201211000011
In base 2, what is 1 - -11100101110001000101010001?
11100101110001000101010010
In base 16, what is 38e - -1f043?
1f3d1
In base 8, what is 1575514 - -203?
1575717
In base 8, what is 6 - -16655202?
16655210
In base 2, what is -1011000111100011110010000101 + -11?
-1011000111100011110010001000
In base 10, what is -1769 + 25128?
23359
In base 2, what is -1111111101111 - -101111001?
-1111001110110
In base 3, what is -2122210112220210 + -102?
-2122210112221012
In base 9, what is 182104 - 440?
181554
In base 13, what is -5105a + -193?
-51220
In base 10, what is -289 - -74?
-215
In base 3, what is -12200202021111 - -12?
-12200202021022
In base 2, what is 10010 + 111100101000111011110001?
111100101000111100000011
In base 13, what is 23 - c28b9?
-c2896
In base 4, what is -3 - -1303100112002?
1303100111333
In base 12, what is 0 - -134743?
134743
In base 9, what is -7847007 - -2?
-7847005
In base 16, what is -5e - -269e?
2640
In base 7, what is -5364506 - -12?
-5364464
In base 16, what is b067524 - -3?
b067527
In base 11, what is -514124264 - 2?
-514124266
In base 7, what is 4006516 + 10?
4006526
In base 6, what is -13 + -2353340?
-2353353
In base 6, what is -214 - 5410153?
-5410411
In base 14, what is -10c0cd + 18?
-10c0b5
In base 14, what is -2 + -2d288cb?
-2d288cd
In base 12, what is 83 - 1a22b9?
-1a2236
In base 8, what is 470124420 + 5?
470124425
In base 4, what is 13321032203022 - -3?
13321032203031
In base 14, what is -5 + -1cd54d5c?
-1cd54d63
In base 3, what is -10 + -2012100210022012?
-2012100210022022
In base 15, what is b47c - -329c?
e729
In base 16, what is -746 + 27c2a?
274e4
In base 4, what is 2032332101301 + 3?
2032332101310
In base 5, what is -3234214 + 123220?
-3110444
In base 5, what is -104144 + -10004?
-114203
In base 3, what is -12011000201221 - 222?
-12011000202220
In base 12, what is -5a44 - 5a80?
-b904
In base 9, what is 23426 + 1050?
24476
In base 2, what is 10101100011010010010100001 - 0?
10101100011010010010100001
In base 12, what is 2a + aa8a5?
aa913
In base 3, what is -2120200 - 1112111100?
-1122002000
In base 9, what is 257 - 54333?
-54065
In base 3, what is -2210011 - 10111021022?
-10121001110
In base 9, what is -2 - 3425872?
-3425874
In base 2, what is 101111001000101001 - -1?
101111001000101010
In base 16, what is -b - 1a5d16?
-1a5d21
In base 6, what is 1414524231 + -5?
1414524222
In base 10, what is -22776834 + -4?
-22776838
In base 16, what is 1a86d3 - 35?
1a869e
In base 2, what is -1011101011010010100001001 - -1011?
-1011101011010010011111110
In base 2, what is 1011011001 + 11111011101?
101010110110
In base 7, what is -160 - -3653643?
3653453
In base 11, what is -466801a8 + -8?
-46680205
In base 3, what is 2 - -12021110121122?
12021110121201
In base 8, what is -13 - -52772356?
52772343
In base 5, what is -244242 - -2201?
-242041
In base 5, what is -3 - -102342022131?
102342022123
In base 14, what is 0 - 789609?
-789609
In base 11, what is -217 - -187362?
187146
In base 3, what is 101 + 1111021221001011?
1111021221001112
In base 6, what is 3110353 + -54?
3110255
In base 5, what is -2030 - -142240202?
142233122
In base 10, what is -22129 + -25514?
-47643
In base 3, what is -1112 + 221001120?
221000001
In base 15, what is 0 + 78553ca?
78553ca
In base 8, what is 103 + -423726?
-423623
In base 9, what is 63006065 - 26?
63006038
In base 6, what is 11 + -44003111?
-44003100
In base 15, what is 3d0 + -107199?
-106cb9
In base 13, what is 7a24ab2 + -5?
7a24aaa
In base 16, what is -e04 - -2414?
1610
In base 5, what is 12341412010 + 4?
12341412014
In base 4, what is -101300020103 - -21?
-101300020022
In base 2, what is 100010101 + 111001011010100010?
111001011110110111
In base 16, what is -17c655 + -18?
-17c66d
In base 9, what is -781203 + -6?
-781210
In base 6, what is -1521321210 + 10?
-1521321200
In base 2, what is 11101110011110100 - 10111100?
11101110000111000
In base 6, what is -104153401 - 10?
-104153411
In base 13, what is -7 - a38aa4?
-a38aab
In base 2, what is -1111101000110100001 + 110?
-1111101000110011011
In base 7, what is 322 - 5060?
-4435
In base 4, what is 313 - -21033003310?
21033010223
In base 13, what is -99 - 239093?
-23915c
In base 12, what is -11994b352 - -3?
-11994b34b
In base 13, what is 4 - -173423?
173427
In base 2, what is 10 - -11001111101001111101111100?
11001111101001111101111110
In base 3, what is 112221221101 + 12?
112221221120
In base 14, what is 3 - -23c2478c?
23c24791
In base 11, what is -59 - 14a872?
-14a920
In base 5, what is 104211114 + -24?
104211040
In base 10, what is -49 - -18450630?
18450581
In base 8, what is -5 - 5623105?
-5623112
In base 5, what is 1034201014 + 13?
1034201032
In base 6, what is 1352421 + -3533?
1344444
In base 4, what is 203032133 - 1030?
203031103
In base 6, what is 53252211 - -2324?
53254535
In base 3, what is 110000110102 + -1112211?
102221220121
In base 11, what is